)?
-3
(-3 - (-2 - 2)) + 1
2
-28 - -20 - (2 - 10)
0
Calculate -8 + -8 + 4 + 3.
-9
What is -2 + -11 - (24 - 30)?
-7
(-2 - -4) + 0 - (-1 - 0)
3
What is the value of (-1 - -2) + 9 + (-29 - -13)?
-6
What is (2 - 0) + -14 - -5?
-7
3 + (-4 - (4 - 7))
2
Evaluate -2 + (8 - 16 - -11) + -3.
-2
Evaluate -3 + 2 + (3 - 1).
1
What is the value of -3 + 16 + -10 + -2?
1
What is the value of 6 - (5 + 2 + (-11 - -6))?
4
Evaluate (3 - 1) + 5 + -2.
5
Calculate (-7 - -1) + (18 - 7).
5
Calculate 10 - 2 - (20 + -4 + -17).
9
(20 - 23) + 8 + -1
4
Evaluate (-35 - -29) + 14 + -3.
5
1 - (-10 - (-7 + 7))
11
(0 - -4) + 0 + (-1 - 1)
2
Calculate -3 - (-3 - (8 + -4)).
4
-3 + (-3 - (1 + -4))
-3
Calculate 0 - (-2 - -1 - -1).
0
Calculate (2 - (7 - -5)) + 7.
-3
0 - (-5 + 2 + 5)
-2
Evaluate -1 - (3 + -2 + -5) - 2.
1
Evaluate -1 - (-3 + (3 - 3) - -1).
1
Calculate 4 + (-1 - (-4 + 4)).
3
What is (-6 - -1 - -5) + -2?
-2
Calculate -5 + 2 + 3 - (-6 - -2).
4
Evaluate 10 + 1 + -25 + 18.
4
(5 - 5) + (11 - 12)
-1
What is 7 - ((-4 - -12) + -1)?
0
Evaluate 8 + -5 + 1 - -3.
7
What is 0 - (-4 + (-7 + 5 - -6))?
0
What is the value of -9 + (3 - (-5 + 6))?
-7
-7 - (-6 - 5) - (11 - -1)
-8
7 - (-6 + 12 + -4 + 7)
-2
2 - (29 + -29 + (0 - 0))
2
What is (-12 - -8) + -2 + 5 + 1?
0
What is -3 + (-26 + 31 - (4 + -1))?
-1
Calculate -1 + -11 + -32 + 42.
-2
Evaluate -2 - (3 + -4 + -1 - 0).
0
Evaluate 5 - (-1 - 3 - -10).
-1
What is 2 - -2 - (2 - 0)?
2
What is 4 - (0 + 3 + 0)?
1
Evaluate (-4 - (-6 + 6)) + -2.
-6
8 + (-2 - (-2 - -5))
3
What is the value of -63 + 61 - (1 + -1 + 1)?
-3
What is -7 + (2 + 4 - (32 - 38))?
5
Evaluate 1 + -4 + 4 + -4 + -3.
-6
Calculate (6 - -1) + -4 - (-2 - -1).
4
1 - -5 - (-3 - -4)
5
Calculate -2 - -2 - (-6 + 2).
4
What is the value of 1 - (-3 - (-4 - -5)) - 5?
0
What is -4 + (3 - (-2 - (1 - 5)))?
-3
What is 4 + (-14 - -15 - (1 + 2))?
2
What is the value of (0 - (-5 + 5)) + (2 - 0)?
2
What is -11 - (-9 + 10 + -4)?
-8
Calculate -8 - (-8 - (6 - (8 - 1))).
-1
-1 + (10 - 0) + -11
-2
Calculate -16 + 13 + -2 + -2 + 2.
-5
-33 - -22 - (-9 + 2)
-4
Evaluate 4 + (5 - 4 - -1) + -3.
3
Evaluate 6 + (-7 + 9 - 2).
6
(-1 - 2) + 18 + -18
-3
What is the value of 6 - 13 - (2 + -1 + -2)?
-6
20 + -16 - (2 - -5)
-3
Calculate -5 - -10 - (8 + -6).
3
Calculate (3 + (4 - 0) - 3) + 1.
5
8 - (5 + -6 - -5)
4
Evaluate 1 - (-1 - (13 - 6) - -7).
2
What is 12 - (12 + -5 + -1 - 0)?
6
Calculate -8 - (-2 - (-8 + 14)).
0
What is the value of -6 + 2 + 8 + -1 + -4?
-1
5 + (-11 - -5) + -3
-4
What is the value of (0 - 3) + 6 + -4?
-1
(-1 - -2) + -2 + 0
-1
What is the value of -33 + 25 - (-4 + -1) - -13?
10
Evaluate 7 - 2 - (1 + -4 + 0).
8
-1 - (7 + -3 + -7)
2
Evaluate 79 + -80 - (1 + -5).
3
What is the value of 2 + -9 + (-5 + 12 - 4)?
-4
5 - (4 - 5) - 3
3
(7 - 2) + 0 + -7 + 1
-1
What is -1 + 6 + (-1 - 4) - 1?
-1
What is the value of -1 - (-1 + 4) - 0?
-4
Calculate (-1 - 1) + 9 + -18.
-11
What is 6 - ((6 - 0) + 0)?
0
What is 20 + -8 + -9 + -2?
1
What is the value of 0 + -1 + 1 - (-2 + -3)?
5
What is -4 - (1 - 0 - (10 - 9))?
-4
What is -3 - ((-8 - -6) + 8 + -16)?
7
What is the value of 4 + (-12 - -5 - -7) + -1?
3
-4 - ((-9 - -7) + (2 - 2))
-2
Evaluate 4 + 3 + 0 - (53 + -55).
9
Evaluate (9 - 2 - 4) + 1.
4
0 - -5 - (-92 - -102)
-5
Evaluate (-5 - -1 - -5) + 4 + 1.
6
Evaluate -6 + (11 - 3 - -1) + -4.
-1
Evaluate (4 - (-1 - -12)) + 6.
-1
Evaluate (-6 - 3) + 1 + 5.
-3
(-16 - -8) + 0 - (-1 - 3)
-4
Calculate 4 + (1 - -2) - (-31 - -29).
9
Calculate 3 + (-2 - (6 + -1)).
-4
Evaluate 0 - (-2 + 1 + -1 + -1).
3
Evaluate -12 + 13 + (1 - -1).
3
What is -4 + 1 + -2 + 7?
2
-14 - (-1 - 13 - 7)
7
Calculate 0 + (-5 + 8 - 3) - 4.
-4
What is 28 + -11 + -1 + -11?
5
-3 - (-13 + 8) - (0 - 1)
3
Calculate -4 + (19 + 1 + -7 - 2).
7
What is 3 - (1 + (5 - 10 - -9))?
-2
What is the value of (-1 - -6) + 1 - (-1 - -4)?
3
(-9 - (-24 + 13)) + (-5 - 2)
-5
Calculate 0 + (0 - 3) + (-25 - -22).
-6
Calculate (10 - 8) + (0 + -7 - -1).
-4
Evaluate -5 - -6 - (0 + 2 + 5).
-6
What is the value of (-9 - -4) + 4 + 4 - -6?
9
What is (-6 - -7) + 4 + -7?
-2
Calculate (-2 + 6 - -4) + (-4 - 2).
2
Evaluate 3 - (-6 + (6 + -7 - -6)).
4
-1 + 0 + -2 + 7
4
What is the value of (-9 - -14) + 2 + -8 - 7?
-8
12 + -12 + (4 - 1)
3
Calculate 2 - (4 + -2) - (-6 + 0).
6
What is the value of -2 + -1 - (-8 - -7)?
-2
Evaluate -9 + (4 - ((7 - 5) + -3)).
-4
What is (9 - 3) + -3 + (6 - 7)?
2
Evaluate 3 + 0 + 3 + -2.
4
Calculate -27 - -26 - (2 - 1).
-2
Evaluate -1 + -11 + 11 + -5.
-6
Evaluate 9 + (-23 - (-10 - 0)).
-4
0 + 1 - (-7 + 8)
0
Calculate 2 + 0 - 4 - (-2 - 0).
0
-4 + 12 - 3 - (1 + 0)
4
(-75 - -73) + 2 + 0
0
What is the value of -79 + 91 - (-2 - -11)?
3
What is (-9 - -2) + -2 + 2 + 2?
-5
What is the value of (7 - 7) + (1 - -2) + 2?
5
What is -5 + -6 + (-2 - -18) - 5?
0
What is -2 - -1 - -2 - (-2 - -4)?
-1
Evaluate 6 + (0 + 0 - (11 - 5)).
0
Evaluate -14 + 5 + -7 + (6 - 1).
-11
5 + (-5 - (2 - 0))
-2
What is the value of 1 + -9 - (-62 - -47)?
7
Evaluate 1 - (-6 + (3 - 0)) - 2.
2
What is -2 + (1 - (3 + -4)) - -1?
1
What is the value of 0 + (1 - -1) + -1 - 0?
1
Calculate -1 + (2 - (-12 + 14)).
-1
What is -2 + -2 + -3 + 8?
1
Evaluate (-9 - -18) + -17 + 1.
-7
Calculate -7 - (-1 - ((1 - 1) + -1)).
-7
What is the value of -5 - (0 - (7 + -6))?
-4
What is -1 - 1 - (3 - 8)?
3
Calculate (1 - 5) + -7 + 7 + -2.
-6
9 - (19 + -9 + 4)
-5
What is 6 - (1 - (2 - 6))?
1
(2 + 3 + -4 - -3) + 1
5
Calculate -18 - 2 - (145 - 156).
-9
What is (-20 - -29) + (-8 - 5)?
-4
What is (-1 - -4) + (-63 - -67)?
7
Calculate -20 - (0 - (8 + 0)) - -7.
-5
(39 - 42) + (-1 - -9)
5
34 - 19 - 15 - (0 - -8)
-8
What is -6 + (2 - -4 - (-3 + -3))?
6
Evaluate -2 + -1 - (-9 + 1) - 9.
-4
What is 4 + -1 + 3 - 4?
2
(-1 - 0) + (1 - 9) + 5
-4
-1 - 2 - (-5 + 5) - -2
-1
Evaluate 7 + -4 - ((4 - -4) + -11).
6
Evaluate (-2 + 0 - -1) + (1 - -2).
2
What is 2 + -3 + -11 + 11 + -2?
-3
What is the value of 50 + -46 + (3 - -1) + -7?
1
What is the value of -5 - (0 - (5 + -1 - 2))?
-3
Evaluate -3 + (2 - -15 - 3) + -3.
8
Evaluate 5 - 7 - (0 - -1) - -8.
5
-3 + 2 + 4 - (-3 - -4)
2
Evaluate -4 + 2 - (-10 + (2 - -4)).
2
What is the value of (4 - (1 - -6)) + (-2 - -2)?
-3
Evaluate (6 - 5) + -2 + -4 - -3.
-2
Calculate -5 + (2 - -1 - -4) + 0.
2
-5 + (1 - 3) - -5
-2
Evaluate (4 - 2) + -1 - -1.
2
What is -12 + (8 - -6) + 5?
7
Evaluate (-7 - -8) + 2 - 9.
-6
What is the value of (-25 - -15) + (10 - 5)?
-5
What is the value of (-8 - (0 - 4)) + 2?
-2
Calculate 1 + 1 + (5 - 4).
3
Calculate 1 - (-6 - (2 + -5)).
4
Evaluate (-3 - -1 - (-3 - -4)) + 4.
1
Evaluate 0 + (1 - 4) - (-2 - -3).
-4
What is 6 + (2 - 5) + -3?
0
Calculate 1 + 1 + (4 - 8).
-2
3 + (-1 - -6) + -3
5
What is the value of -5 + (-5 - -4) + 12 + -9?
-3
What is 8 - -4 - (10 - -1)?
1
-5 - (-6 - -3) - 3 - 2
-7
Evaluate (-6 - (-1 + 1)) + 9.
3
(-3 + (-3 - -4) - -2) + 5
5
What is (3 + 1 - (-7 + 5)) + -11?
-5
Calculate 0 + -2 + -4 + 9 - 5.
-2
What is (-6 - -2) + 34 + -31?
-1
Evaluate 0 + 7 - -1 - 13.
-5
What is 1 + -4 + -2 + (-1 - -5)?
-1
Evaluate (7 - 12) + 1 + 2.
-2
Evaluate (1 - -10) + 1 + -14.
-2
Calculate -1 + 3 + 1 - (-58 - -53).
8
9 + 3 + (-2 - 11)
-1
What is -7 - (-2 + 4 + -6)?
-3
What is the value of (85 - 80) + (-1 - 5)?
-1
Calculate 2 + -1 + 4 + -7.
-2
What is -10 + 4 + 3 + 2?
-1
16 - (-3 - (-4 + -9))
6
-18 + 20 + 3 + -1
4
Calculate 1 + (5 - (16 - 1) - -2).
-7
What is the value of (0 + (4 - 8) - 2) + 2?
-4
10 - 11 - (-1 - 3 - -2)
1
Calculate 7 + -14 + 0 + 2.
-5
What is the value of 5 - (5 + -3) - 0?
3
Evaluate 8 + (-16 - -7) + 9.
8
1 + 3 + 1 - (38 - 34)
1
Evaluate -13 + (-1 - 3 - -14).
-3
Calculate -4 - (-4 - -4 - 9).
5
(0 - 0) + 4 + -10 + 6
0
What is (21 - 16) + (-2 - 2)?
1
Calculate (1 - 1) + 4 - (13 + -4).
-5
-10 + 9 + 3 + -10
-8
What is 11 - ((7 - 6) + 9)?
1
Evaluate -8 + 6 + 5 + -7.
-4
What is -6 - -2 - -1 - -1?
-2
Calculate -2 - (10 - (11 - 0)).
-1
Evaluate -2 + 3 + -2 + 0 + 5.
4
What is -1 + (-1 - 0) + 5 + -5?
-2
Evaluate (2 - -3) + (3 - (-6 + 10)).
4
Calculate -6 + (-4 - (-10 - -3)).
-3
What is 5 + (-7 - -1) + 5?
4
Calculate -1 + (-6 + 6 - -4).
3
-1 + (-2 - -8) + -5 - -2
2
Calculate -1 - (-1 + 2 - (-8 + 8)).
-2
Calculate 6 - (0 - (-6 - -2)).
2
What is 13 + -15 + 1 + -5?
-6
What is -11 - -2 - (18 + -30)?
3
Calculate 3 - (1 + 1 + 2 + -5).
4
What is the value of 1 + 3 + -4 + 4?
4
Calculate -2 + 7 - 7 - -5